
4
What is the hundred thousands digit of 4101657?
1
What is the hundred thousands digit of 3149640?
1
What is the thousands digit of 134234?
4
What is the ten thousands digit of 734436?
3
What is the thousands digit of 19001720?
1
What is the ten thousands digit of 3379958?
7
What is the ten thousands digit of 40297?
4
What is the units digit of 274064?
4
What is the units digit of 98162?
2
What is the tens digit of 9791560?
6
What is the hundred thousands digit of 131292?
1
What is the tens digit of 5195317?
1
What is the thousands digit of 65152?
5
What is the tens digit of 95279?
7
What is the ten thousands digit of 7221552?
2
What is the hundred thousands digit of 148046?
1
What is the units digit of 712848?
8
What is the tens digit of 10798125?
2
What is the thousands digit of 7179321?
9
What is the ten thousands digit of 979429?
7
What is the units digit of 1980525?
5
What is the hundred thousands digit of 271861?
2
What is the units digit of 9758892?
2
What is the hundred thousands digit of 3224729?
2
What is the hundred thousands digit of 623464?
6
What is the millions digit of 9057334?
9
What is the ten thousands digit of 637574?
3
What is the units digit of 2293547?
7
What is the hundred thousands digit of 3441169?
4
What is the thousands digit of 703848?
3
What is the thousands digit of 949681?
9
What is the hundreds digit of 4080933?
9
What is the tens digit of 6792113?
1
What is the thousands digit of 4077579?
7
What is the thousands digit of 10985393?
5
What is the thousands digit of 36533885?
3
What is the thousands digit of 1043627?
3
What is the units digit of 3678607?
7
What is the ten thousands digit of 3320986?
2
What is the thousands digit of 976230?
6
What is the tens digit of 2122293?
9
What is the hundreds digit of 8313028?
0
What is the hundreds digit of 846330?
3
What is the tens digit of 242688?
8
What is the tens digit of 63370?
7
What is the millions digit of 11264770?
1
What is the units digit of 800250?
0
What is the tens digit of 157071?
7
What is the ten thousands digit of 29407728?
0
What is the thousands digit of 143638?
3
What is the units digit of 1518539?
9
What is the tens digit of 81773?
7
What is the hundreds digit of 4345582?
5
What is the ten thousands digit of 44298?
4
What is the tens digit of 236866?
6
What is the millions digit of 2608606?
2
What is the ten thousands digit of 11946920?
4
What is the hundred thousands digit of 114312?
1
What is the thousands digit of 1232003?
2
What is the units digit of 22753984?
4
What is the ten thousands digit of 5500188?
0
What is the hundreds digit of 16822872?
8
What is the hundred thousands digit of 727311?
7
What is the hundred thousands digit of 3762666?
7
What is the hundreds digit of 3658479?
4
What is the hundreds digit of 108531?
5
What is the tens digit of 53837?
3
What is the tens digit of 14922564?
6
What is the millions digit of 1218520?
1
What is the ten thousands digit of 400168?
0
What is the ten thousands digit of 3845460?
4
What is the tens digit of 14748580?
8
What is the hundred thousands digit of 509519?
5
What is the ten thousands digit of 133613?
3
What is the hundred thousands digit of 5216775?
2
What is the tens digit of 160062?
6
What is the tens digit of 260873?
7
What is the tens digit of 296057?
5
What is the millions digit of 1569846?
1
What is the thousands digit of 13774302?
4
What is the tens digit of 15367185?
8
What is the thousands digit of 617005?
7
What is the units digit of 181931?
1
What is the tens digit of 29910832?
3
What is the hundreds digit of 222778?
7
What is the thousands digit of 1937038?
7
What is the thousands digit of 1470341?
0
What is the tens digit of 15048376?
7
What is the thousands digit of 201790?
1
What is the ten thousands digit of 820576?
2
What is the thousands digit of 95475?
5
What is the tens digit of 78785?
8
What is the hundreds digit of 248494?
4
What is the ten millions digit of 14535691?
1
What is the units digit of 3013073?
3
What is the millions digit of 1735619?
1
What is the hundred thousands digit of 1101290?
1
What is the units digit of 7250099?
9
What is the thousands digit of 1007071?
7
What is the ten thousands digit of 833028?
3
What is the hundred thousands digit of 4552990?
5
What is the thousands digit of 195456?
5
What is the tens digit of 818635?
3
What is the units digit of 284752?
2
What is the hundred thousands digit of 216566?
2
What is the hundred thousands digit of 506201?
5
What is the hundreds digit of 32433152?
1
What is the thousands digit of 186866?
6
What is the tens digit of 83288?
8
What is the ten thousands digit of 2016522?
1
What is the millions digit of 1412434?
1
What is the tens digit of 4387144?
4
What is the thousands digit of 248929?
8
What is the units digit of 828399?
9
What is the tens digit of 1111492?
9
What is the units digit of 7571077?
7
What is the hundreds digit of 2338807?
8
What is the thousands digit of 2021387?
1
What is the hundred thousands digit of 1730901?
7
What is the hundred thousands digit of 971015?
9
What is the hundred thousands digit of 199178?
1
What is the tens digit of 312057?
5
What is the hundreds digit of 338832?
8
What is the hundred thousands digit of 807021?
8
What is the thousands digit of 25067753?
7
What is the ten thousands digit of 520544?
2
What is the hundreds digit of 652409?
4
What is the ten thousands digit of 286725?
8
What is the units digit of 27169494?
4
What is the hundred thousands digit of 9384290?
3
What is the millions digit of 5255369?
5
What is the ten thousands digit of 123375?
2
What is the hundreds digit of 5948425?
4
What is the hundred thousands digit of 229145?
2
What is the units digit of 98877?
7
What is the millions digit of 1081060?
1
What is the thousands digit of 3440066?
0
What is the units digit of 298246?
6
What is the tens digit of 860337?
3
What is the units digit of 326821?
1
What is the tens digit of 234373?
7
What is the hundred thousands digit of 6243204?
2
What is the units digit of 305843?
3
What is the thousands digit of 10054654?
4
What is the hundred thousands digit of 329685?
3
What is the ten thousands digit of 435968?
3
What is the hundreds digit of 4619927?
9
What is the tens digit of 1660993?
9
What is the ten thousands digit of 288686?
8
What is the hundred thousands digit of 127570?
1
What is the ten millions digit of 15083564?
1
What is the ten thousands digit of 119219?
1
What is the ten thousands digit of 497245?
9
What is the hundreds digit of 16388994?
9
What is the ten thousands digit of 217233?
1
What is the hundreds digit of 791607?
6
What is the ten thousands digit of 42787?
4
What is the ten thousands digit of 2180762?
8
What is the tens digit of 411995?
9
What is the hundreds digit of 832240?
2
What is the ten thousands digit of 923250?
2
What is the tens digit of 38735?
3
What is the hundreds digit of 3847038?
0
What is the hundreds digit of 1795945?
9
What is the units digit of 1026175?
5
What is the tens digit of 260012?
1
What is the units digit of 141364?
4
What is the ten thousands digit of 408764?
0
What is the units digit of 109549?
9
What is the units digit of 142633?
3
What is the tens digit of 2318705?
0
What is the tens digit of 11315367?
6
What is the thousands digit of 3941812?
1
What is the hundreds digit of 234741?
7
What is the ten thousands digit of 276975?
7
What is the hundred thousands digit of 702716?
7
What is the ten thousands digit of 988314?
8
What is the hundreds digit of 2091001?
0
What is the units digit of 1527531?
1
What is the hundreds digit of 26474496?
4
What is the hundred thousands digit of 14000760?
0
What is the hundred thousands digit of 884387?
8
What is the hundred thousands digit of 194213?
1
What is the hundreds digit of 41335?
3
What is the tens digit of 4396279?
7
What is the tens digit of 227915?
1
What is the millions digit of 3985645?
3
What is the units digit of 10116380?
0
What is the thousands digit of 1547960?
7
What is the units digit of 1660882?
2
What is the ten thousands digit of 55825?
5
What is the tens digit of 168357?
5
What is the ten millions digit of 12019871?
1
What is the units digit of 905404?
4
What is the millions digit of 1218521?
1
What is the thousands digit of 2770847?
0
What i